(-8) composite?
True
Suppose -4*t + 24 = 16. Let y(q) = -102*q**2 + 1783*q**2 + 16 - 17 + q + 372*q**t. Is y(1) a prime number?
True
Let s(z) = 5*z**2 + 10*z + 7. Suppose 2*i = v - 11 - 12, 4*v - i - 78 = 0. Let y be (-3)/(-9) - v/3. Is s(y) a prime number?
True
Let p(q) = -3*q**2 - 22*q - 4. Let k be p(-7). Suppose 0 = d - 4*y - 9959, 3*d - k*y = -2889 + 32784. Is d prime?
True
Let k = 179 - 164. Suppose -k*y + 6*y + 3411 = 0. Is y prime?
True
Let u = 128212 - 81899. Is u a composite number?
True
Let s be (4 + -3)/(6/30). Suppose -j - 1305 = -2*l, -s*l - 2*j + 2084 = -1183. Is l prime?
True
Let k(a) = 3*a**3 - a**2 - 19*a - 1. Let n be k(4). Suppose -g - 4*g = -4750. Let f = g + n. Is f a composite number?
False
Let x be (-8)/(-12)*6/4*1486. Let k = x + -443. Is k prime?
False
Is 864562/8 + 12/(-48) - (-8 - -7) a composite number?
True
Let x(t) = 2*t**2 + 13*t + 9. Let i be x(-9). Let u = i + 1060. Suppose -u = -10*a + 21736. Is a prime?
False
Let c(y) = -4 - 8*y - 65*y**2 + 0 + 8 + 11. Let m be c(4). Let k = m + 1970. Is k composite?
True
Suppose 0 = -2*a - 2, -25*y - 3*a + 23 = -23*y. Suppose y*u - 17*u = -3*z - 15868, 0 = -5*z. Is u a prime number?
True
Let k(q) = 222*q**2 + 31*q - 164. Let o be k(32). Suppose -27*s + o = -238215. Is s a prime number?
False
Let s(q) = -2*q - 19. Let c be s(-9). Let y be (-3)/6*(c + 0 - 3). Is (-3 - -2)*(-1570)/y composite?
True
Suppose 0*h - 2*h = 2*m - 3896, -4 = m. Let d = h - 981. Is d a composite number?
False
Suppose -1 = -i, -4*q - 2*i + 14 = -q. Suppose g - 2 = -s, -q*g = g + s + 10. Is g*(3565/(-15) + -2) prime?
True
Let f = 10446 - -53521. Is f a composite number?
True
Suppose 4 = -4*o, 3*o = 5*z - 1 - 12. Is z/(-4)*(-1771 + -3) a composite number?
False
Let i(c) = 17*c + 33. Suppose 269 = 14*a - 753. Suppose 37 = 5*k - a. Is i(k) a prime number?
False
Let i(o) = 2*o**3 - 2*o**2 - 4. Let g be i(2). Suppose -4*y = -g*c + 11536, 0 = -3*c - 0*y + y + 8642. Is c a prime number?
True
Let p = 432 - 385. Suppose -17095 = -p*h + 42*h. Is h composite?
True
Is 170/2975 + (-7075283)/(-35) + 0 composite?
True
Is 4/12*-329163*-5*(-6)/(-30) a composite number?
False
Let k be (-8)/(-64)*8 + 1 + 1. Suppose -14000 = k*l - 13*l. Suppose -3355 = -5*w - l. Is w a composite number?
True
Suppose 40*i = 37*i. Let m be 6 + 2 - (3 - i). Let t(x) = 12*x**2 + 6*x - 11. Is t(m) a composite number?
True
Let f be ((-3724)/4 - -6)*105. Is f/(-4) - 3/12 a composite number?
False
Let l be (8/18)/(-2) - (-13432)/18. Let t = 3785 - l. Is t prime?
False
Is (-961407)/(-1) + (-13 - (-12 - 7)) a prime number?
False
Suppose -y - 5 = 14*i - 18*i, 0 = 2*y - 6. Suppose 5*p + i*b - 3153 = 4*b, 3*p + b - 1894 = 0. Is p prime?
True
Let v(y) = 2*y**2 + y - 84. Let g be v(0). Let z = 98 + g. Suppose 7*k - 672 + z = 0. Is k prime?
False
Suppose -129*a + 3849 = -132*a. Let y = a - -3144. Is y a prime number?
True
Let v = 4421 + 6085. Suppose -1505 = -3*o + 5*n + 8983, n = -3*o + v. Let s = o + -2020. Is s a composite number?
False
Suppose 25 = -18*w + 13*w, -3*w + 134997 = 4*p. Suppose 0 = -13*i + 16*i - p. Is i prime?
True
Suppose 4*c + 2*b = 7*b + 5, 3*c = -3*b - 3. Suppose 4256 = 5*n + 2*j - j, 4*n + 2*j - 3406 = c. Is n a composite number?
True
Let i(a) = -246*a**2 + 9*a + 24. Let x(y) = -y**2 + 3. Let n be x(-3). Let j be i(n). Is (3/9*1)/((-2)/j) a prime number?
True
Suppose -m = -2*u - 286661, 0 = -3*m + 5*u + 862460 - 2482. Is m a prime number?
True
Let t = 21 + 4. Suppose -8*w + 3*w + t = 0, -15 = -5*f + 2*w. Let c(b) = 6*b**3 + 6*b + 7. Is c(f) composite?
False
Suppose 10*d = -51917 + 361627. Is d prime?
True
Let g(t) = 367*t + 1222. Is g(51) a composite number?
True
Suppose 12*q - 42*q = -1003931 - 7085239. Is q a prime number?
False
Let b(w) = -w**2 + 2*w - 19. Let i be b(10). Let j = -182 - -177. Is i/(-2 + 1) + j composite?
True
Let w = -745 + 2814. Suppose 9*s = 10*s - w. Is s a composite number?
False
Let u be (-4)/((-12)/(-72) - (-5398)/(-32316)). Is (-5)/(-30)*-2 - u/(-6) composite?
True
Let c = 103 - 95. Is (-14)/3*(-50748)/c a composite number?
True
Suppose 0 = -5*x + 39*x - 102. Suppose x*l = -3*s + 12612, 4*s + 6724 = -3*l + 19339. Is l prime?
True
Suppose 0 = -2*t - 2*y - 16450 + 89706, 0 = 5*y + 5. Is t prime?
True
Let d = 141 + -202. Let z = 63 + d. Suppose 3*t + z*o = o + 8999, 5*t - 14987 = 4*o. Is t a composite number?
False
Suppose -2*p + 3*k = 3, -5*p = 6*k - k - 5. Suppose -5*t + v + 159 = -v, 5*t + 5*v - 180 = p. Is t composite?
True
Let y = 43805 + -19208. Suppose -23*a = 4*a - y. Is a prime?
True
Let r(i) = 34*i - 121. Let k(j) = 35*j - 121. Let n(z) = -2*k(z) + 3*r(z). Is n(34) a prime number?
True
Let u(b) = b**3 - 9*b**2 + 11*b + 15. Let h be u(6). Let p = -27 - h. Suppose 2*j + 5483 = 3*c, p = -0*c - 4*c + j + 7319. Is c a composite number?
False
Suppose 6 = -5*o + 21, 19504 = v - 2*o. Let f = v + -12903. Is f a composite number?
False
Suppose -32*f - 20*f + 7690171 = -35*f. Is f composite?
False
Let h = 3409 + 400. Is h composite?
True
Is 1/(5 + 639882/(-127977)) a prime number?
False
Let w be (3 + 76/(-24))*-6. Is (w - 3415)/(-29 + 27) composite?
True
Suppose 2*s - 4*y - 232678 = 0, -9*y = 5*s - 12*y - 581660. Is s composite?
False
Let i(m) = m**3 - 1. Suppose -7 = -7*j + 7. Let a(l) = -14*l**3 - 5*l**2 + 5. Let k(p) = j*i(p) + a(p). Is k(-2) prime?
True
Let u be (-2000910)/(-20) - (-9)/(-6). Suppose 4648 = -28*s + u. Is s a composite number?
False
Suppose 4*c + 5 - 17 = 0. Suppose c*a - 18145 = -16*a. Is a prime?
False
Suppose 0 = 2746*r - 2715*r - 12761677. Is r a composite number?
False
Let c(n) = 9*n**2 - 114*n - 1576. Is c(99) prime?
True
Suppose -12*l - 30 + 102 = 0. Suppose -2*i = -l - 0. Suppose -2*j - 2*j = 2*y - 438, -i*y = -3*j - 621. Is y composite?
False
Suppose -3*u + 4141952 = 7*t, -97*u + 96*u - 5*t = -1380632. Is u prime?
False
Let v be 2/(-9) + (-3 - (-116)/36). Let c = -2697 - -4544. Suppose -z + 2*z - c = v. Is z prime?
True
Suppose 85*n - 5900116 = -14*n + 5440037. Is n a prime number?
True
Is 129754 - (-12)/(4 + 0) composite?
False
Let c(j) = -3*j + 72. Let p be c(22). Let g = -3580 + 8434. Suppose p*t = 3*t + g. Is t prime?
False
Suppose -26*d + 16 = -22*d. Suppose -d*h = -h - 1011. Let u = h - 218. Is u prime?
False
Let p(n) = -268*n + 59. Let u(w) = 267*w - 59. Let q(v) = -5*p(v) - 6*u(v). Is q(-9) a prime number?
True
Let q be ((-108)/243)/((-1)/9). Suppose -6*o + 11*o - 9489 = q*s, 3*s = 12. Is o composite?
False
Let i = 377411 - 147274. Is i a composite number?
False
Let o(z) = -35*z**3 + 12*z**2 - 16*z - 16. Let u(r) = -r**2 + 3*r + 47. Let f be u(-6). Is o(f) composite?
False
Is (-2 - -5490770) + (-357)/(-391) + 4/46 composite?
False
Let k(l) = -7*l**3 - 22*l**2 - 5*l - 13. Let a(q) = q**3 + q - 1. Let d(g) = -6*a(g) - k(g). Is d(9) a composite number?
False
Let a(c) = 170070*c**3 + 2*c**2 + 49*c - 50. Is a(1) a composite number?
True
Let n be (-2)/((-18)/(-15)*(-1)/(-21)). Let u = 1 - 11. Is 24962/n*(0 - u/(-4)) composite?
False
Suppose 181*k = 248*k - 4224551. Is k prime?
False
Suppose -44819956 = 270*n - 562*n. Is n prime?
False
Let q(g) be the second derivative of 3*g**5/4 + 13*g**4/24 + 3*g**3/2 - 31*g**2/2 - 16*g. Let u(i) be the first derivative of q(i). Is u(-5) prime?
True
Let w(q) = -307*q - 1. Let f be w(-3). Let c = f + -1306. Let s = 1357 + c. Is s composite?
False
Suppose 47*t + 163898 = 50*t + 5*z, -491789 = -9*t + 4*z. Is t prime?
False
Suppose 18 = 19*f - 17*f. Suppose 5*u - 4 = f*u. Is ((-4)/(-4) - u) + 147 a prime number?
True
Let n be (-46)/(160/(-24) + 6). Suppose n*u - 3812 = 67*u. Is u a composite number?
True
Let p(j) be the third derivative of j**5/60 - 7*j**4/24 - 11*j**3/6 + 17*j**2. Suppose 4 = -3*i - 47. Is p(i) a composite number?
False
Let x be ((-10)/25)/(-1*(-6 + (-3604)/(-600))). Suppose 5*u - 5*l - 4 = 1, 17 = 2*u + 3*l. Suppose x = 5*p - n - 13, 2*n + 56 = u*p. Is p a composite number?
True
Suppose -190164 - 7271580 = -48*w. Is w prime?
True
Suppose 58*o = 5*k + 56*o - 783353, 3*o = -4*k + 626710. Is k composite?
True
Let z be -3*(-12)/126 - 2/7. Suppose -2*y = -z*y + 6484. Is y/(-6) + (-4)/(-6) prime?
True
Is (-18)/(-60) + 3514302/60 - 5 a composite number?
False
Let u = -7928 - -16261. Suppose 8*k - u = 18683. Is k prime?
False
Let m =